{"id":35,"date":"2021-10-13T01:45:17","date_gmt":"2021-10-12T23:45:17","guid":{"rendered":"http:\/\/parnager-arts.at\/photo\/?page_id=35"},"modified":"2021-10-31T02:42:53","modified_gmt":"2021-10-31T01:42:53","slug":"bio","status":"publish","type":"page","link":"https:\/\/parnager-arts.at\/photo\/bio\/","title":{"rendered":"Parnager?!"},"content":{"rendered":"\n<div class=\"wp-block-columns is-layout-flex wp-container-core-columns-is-layout-9d6595d7 wp-block-columns-is-layout-flex\">\n<div class=\"wp-block-column is-layout-flow wp-block-column-is-layout-flow\" style=\"flex-basis:66.66%\">\n<p>Wer ist eigentlich&#8230; &#8222;Parnager&#8220;?<\/p>\n\n\n\n<p>Der Name kam eigentlich aus einer schlampigen Sprechweise f\u00fcr meinen Spitznamen&#8230; Bunny. Nachdem der Benutzername &#8222;Bunny&#8220; im Internet quasi nie verf\u00fcgbar ist und im schlechtesten Fall sogar seltsame Assoziationen weckt, habe ich mich kurz nach der Jahrtausendwende entschlossen, offiziell als Parnager aufzutreten. Ein einpr\u00e4gsamer Name, mit dem ich \u2013 zumindest bisher \u2013 recht konkurrenzlos unterwegs bin.<\/p>\n\n\n\n<p>Die Matura hab ich am Gym mit naturwissenschaftlichem Schwerpunkt gemacht. Danach begann eine sehr interessante Zeit, die mir viel an Lebenserfahrung erm\u00f6glicht hat. Einerseits diverse Studien, bei denen ich leider oft feststellen musste, dass sie nicht so richtig meines waren. Andererseits meine sehr interessante Zeit in der Sozialistischen Jugend, wo ich vor allem ehrenamtlich viele meiner Skills trainieren und ausbilden konnte.<\/p>\n\n\n\n<p>Vom Kampagnenfahrer \u00fcber den Layouter, Texter, Kampagnenentwickler und Netzwerktechniker bis hin zur Durchf\u00fchrung von Postaussendungen konnte ich reichlich Erfahrungen sammeln, die mir dann letztendlich bei meinem Studium, das ich 2009 an der FH St. P\u00f6lten im Bereich Medientechnik begann, wertvolle Dienste erwiesen.<\/p>\n\n\n\n<p>Mit der Vertiefung auf Interaktive Medien hatte ich auch zum ersten mal Kontakt mit professionellem Fotoequipment und habe rasch eine Faszination daf\u00fcr entwickelt. Schlie\u00dflich konnte ich diese Faszination auch noch vertiefen, als ich studentischer Assistent wurde und mich um Fotostudio und Verleih des Equipments k\u00fcmmern durfte.<\/p>\n\n\n\n<p>Zahlreiche Shootings und Projekte sp\u00e4ter wird es nun Zeit, das alles einmal in eine Art Portfolio zu gie\u00dfen, das meine Arbeit in angemessener Weise darstellt. <\/p>\n<\/div>\n\n\n\n<div class=\"wp-block-column is-layout-flow wp-block-column-is-layout-flow\" style=\"flex-basis:33.33%\">\n<figure class=\"wp-block-image size-large\"><img loading=\"lazy\" decoding=\"async\" width=\"548\" height=\"1024\" src=\"https:\/\/parnager-arts.at\/photo\/wp-content\/uploads\/2021\/10\/bunnyfotografstehend-548x1024.jpg\" alt=\"\" class=\"wp-image-331\" srcset=\"https:\/\/parnager-arts.at\/photo\/wp-content\/uploads\/2021\/10\/bunnyfotografstehend-548x1024.jpg 548w, https:\/\/parnager-arts.at\/photo\/wp-content\/uploads\/2021\/10\/bunnyfotografstehend-161x300.jpg 161w, https:\/\/parnager-arts.at\/photo\/wp-content\/uploads\/2021\/10\/bunnyfotografstehend-768x1435.jpg 768w, https:\/\/parnager-arts.at\/photo\/wp-content\/uploads\/2021\/10\/bunnyfotografstehend-822x1536.jpg 822w, https:\/\/parnager-arts.at\/photo\/wp-content\/uploads\/2021\/10\/bunnyfotografstehend-1096x2048.jpg 1096w, https:\/\/parnager-arts.at\/photo\/wp-content\/uploads\/2021\/10\/bunnyfotografstehend-1140x2131.jpg 1140w, https:\/\/parnager-arts.at\/photo\/wp-content\/uploads\/2021\/10\/bunnyfotografstehend-scaled.jpg 1370w\" sizes=\"auto, (max-width: 548px) 100vw, 548px\" \/><\/figure>\n<\/div>\n<\/div>\n","protected":false},"excerpt":{"rendered":"<p>Wer ist eigentlich&#8230; &#8222;Parnager&#8220;? Der Name kam eigentlich aus einer schlampigen Sprechweise f\u00fcr meinen Spitznamen&#8230; Bunny. Nachdem der Benutzername &#8222;Bunny&#8220; im Internet quasi nie verf\u00fcgbar ist und im schlechtesten Fall sogar seltsame Assoziationen weckt, habe ich mich kurz nach der Jahrtausendwende entschlossen, offiziell als Parnager aufzutreten. Ein einpr\u00e4gsamer Name, mit dem ich \u2013 zumindest bisher \u2013 recht konkurrenzlos unterwegs bin. Die Matura hab ich am Gym mit naturwissenschaftlichem Schwerpunkt gemacht. Danach begann eine sehr interessante Zeit, die mir viel an Lebenserfahrung erm\u00f6glicht hat. Einerseits diverse Studien, bei denen ich leider oft feststellen musste, dass sie nicht so richtig meines waren. Andererseits meine sehr interessante Zeit in der Sozialistischen Jugend, wo ich vor allem ehrenamtlich viele meiner Skills trainieren und ausbilden konnte. Vom Kampagnenfahrer \u00fcber den Layouter, Texter, Kampagnenentwickler und Netzwerktechniker bis hin zur Durchf\u00fchrung von Postaussendungen konnte ich reichlich Erfahrungen sammeln, die mir dann letztendlich bei meinem Studium, das ich 2009 an der FH St. P\u00f6lten im Bereich Medientechnik begann, wertvolle Dienste erwiesen. Mit der Vertiefung auf Interaktive Medien hatte ich auch zum ersten mal Kontakt mit professionellem Fotoequipment und habe rasch eine Faszination daf\u00fcr entwickelt. Schlie\u00dflich konnte ich diese Faszination auch noch vertiefen, als ich studentischer Assistent wurde und mich um Fotostudio und Verleih des Equipments k\u00fcmmern durfte. Zahlreiche Shootings und Projekte sp\u00e4ter wird es nun Zeit, das alles einmal in eine Art Portfolio zu gie\u00dfen, das meine Arbeit in angemessener Weise darstellt.<\/p>\n","protected":false},"author":1,"featured_media":0,"parent":0,"menu_order":0,"comment_status":"closed","ping_status":"open","template":"","meta":{"footnotes":""},"class_list":["post-35","page","type-page","status-publish","hentry"],"_links":{"self":[{"href":"https:\/\/parnager-arts.at\/photo\/wp-json\/wp\/v2\/pages\/35","targetHints":{"allow":["GET"]}}],"collection":[{"href":"https:\/\/parnager-arts.at\/photo\/wp-json\/wp\/v2\/pages"}],"about":[{"href":"https:\/\/parnager-arts.at\/photo\/wp-json\/wp\/v2\/types\/page"}],"author":[{"embeddable":true,"href":"https:\/\/parnager-arts.at\/photo\/wp-json\/wp\/v2\/users\/1"}],"replies":[{"embeddable":true,"href":"https:\/\/parnager-arts.at\/photo\/wp-json\/wp\/v2\/comments?post=35"}],"version-history":[{"count":5,"href":"https:\/\/parnager-arts.at\/photo\/wp-json\/wp\/v2\/pages\/35\/revisions"}],"predecessor-version":[{"id":332,"href":"https:\/\/parnager-arts.at\/photo\/wp-json\/wp\/v2\/pages\/35\/revisions\/332"}],"wp:attachment":[{"href":"https:\/\/parnager-arts.at\/photo\/wp-json\/wp\/v2\/media?parent=35"}],"curies":[{"name":"wp","href":"https:\/\/api.w.org\/{rel}","templated":true}]}}

<div class="wp-block-columns is-layout-flex wp-container-core-columns-is-layout-9d6595d7 wp-block-columns-is-layout-flex">
<div class="wp-block-column is-layout-flow wp-block-column-is-layout-flow" style="flex-basis:66.66%">
<p>Wer ist eigentlich&#8230; &#8222;Parnager&#8220;?</p>



<p>Der Name kam eigentlich aus einer schlampigen Sprechweise für meinen Spitznamen&#8230; Bunny. Nachdem der Benutzername &#8222;Bunny&#8220; im Internet quasi nie verfügbar ist und im schlechtesten Fall sogar seltsame Assoziationen weckt, habe ich mich kurz nach der Jahrtausendwende entschlossen, offiziell als Parnager aufzutreten. Ein einprägsamer Name, mit dem ich – zumindest bisher – recht konkurrenzlos unterwegs bin.</p>



<p>Die Matura hab ich am Gym mit naturwissenschaftlichem Schwerpunkt gemacht. Danach begann eine sehr interessante Zeit, die mir viel an Lebenserfahrung ermöglicht hat. Einerseits diverse Studien, bei denen ich leider oft feststellen musste, dass sie nicht so richtig meines waren. Andererseits meine sehr interessante Zeit in der Sozialistischen Jugend, wo ich vor allem ehrenamtlich viele meiner Skills trainieren und ausbilden konnte.</p>



<p>Vom Kampagnenfahrer über den Layouter, Texter, Kampagnenentwickler und Netzwerktechniker bis hin zur Durchführung von Postaussendungen konnte ich reichlich Erfahrungen sammeln, die mir dann letztendlich bei meinem Studium, das ich 2009 an der FH St. Pölten im Bereich Medientechnik begann, wertvolle Dienste erwiesen.</p>



<p>Mit der Vertiefung auf Interaktive Medien hatte ich auch zum ersten mal Kontakt mit professionellem Fotoequipment und habe rasch eine Faszination dafür entwickelt. Schließlich konnte ich diese Faszination auch noch vertiefen, als ich studentischer Assistent wurde und mich um Fotostudio und Verleih des Equipments kümmern durfte.</p>



<p>Zahlreiche Shootings und Projekte später wird es nun Zeit, das alles einmal in eine Art Portfolio zu gießen, das meine Arbeit in angemessener Weise darstellt. </p>
</div>



<div class="wp-block-column is-layout-flow wp-block-column-is-layout-flow" style="flex-basis:33.33%">
<figure class="wp-block-image size-large"><img loading="lazy" decoding="async" width="548" height="1024" src="https://parnager-arts.at/photo/wp-content/uploads/2021/10/bunnyfotografstehend-548x1024.jpg" alt="" class="wp-image-331" srcset="https://parnager-arts.at/photo/wp-content/uploads/2021/10/bunnyfotografstehend-548x1024.jpg 548w, https://parnager-arts.at/photo/wp-content/uploads/2021/10/bunnyfotografstehend-161x300.jpg 161w, https://parnager-arts.at/photo/wp-content/uploads/2021/10/bunnyfotografstehend-768x1435.jpg 768w, https://parnager-arts.at/photo/wp-content/uploads/2021/10/bunnyfotografstehend-822x1536.jpg 822w, https://parnager-arts.at/photo/wp-content/uploads/2021/10/bunnyfotografstehend-1096x2048.jpg 1096w, https://parnager-arts.at/photo/wp-content/uploads/2021/10/bunnyfotografstehend-1140x2131.jpg 1140w, https://parnager-arts.at/photo/wp-content/uploads/2021/10/bunnyfotografstehend-scaled.jpg 1370w" sizes="auto, (max-width: 548px) 100vw, 548px" /></figure>
</div>
</div>

<p>Wer ist eigentlich&#8230; &#8222;Parnager&#8220;? Der Name kam eigentlich aus einer schlampigen Sprechweise für meinen Spitznamen&#8230; Bunny. Nachdem der Benutzername &#8222;Bunny&#8220; im Internet quasi nie verfügbar ist und im schlechtesten Fall sogar seltsame Assoziationen weckt, habe ich mich kurz nach der Jahrtausendwende entschlossen, offiziell als Parnager aufzutreten. Ein einprägsamer Name, mit dem ich – zumindest bisher – recht konkurrenzlos unterwegs bin. Die Matura hab ich am Gym mit naturwissenschaftlichem Schwerpunkt gemacht. Danach begann eine sehr interessante Zeit, die mir viel an Lebenserfahrung ermöglicht hat. Einerseits diverse Studien, bei denen ich leider oft feststellen musste, dass sie nicht so richtig meines waren. Andererseits meine sehr interessante Zeit in der Sozialistischen Jugend, wo ich vor allem ehrenamtlich viele meiner Skills trainieren und ausbilden konnte. Vom Kampagnenfahrer über den Layouter, Texter, Kampagnenentwickler und Netzwerktechniker bis hin zur Durchführung von Postaussendungen konnte ich reichlich Erfahrungen sammeln, die mir dann letztendlich bei meinem Studium, das ich 2009 an der FH St. Pölten im Bereich Medientechnik begann, wertvolle Dienste erwiesen. Mit der Vertiefung auf Interaktive Medien hatte ich auch zum ersten mal Kontakt mit professionellem Fotoequipment und habe rasch eine Faszination dafür entwickelt. Schließlich konnte ich diese Faszination auch noch vertiefen, als ich studentischer Assistent wurde und mich um Fotostudio und Verleih des Equipments kümmern durfte. Zahlreiche Shootings und Projekte später wird es nun Zeit, das alles einmal in eine Art Portfolio zu gießen, das meine Arbeit in angemessener Weise darstellt.</p>
